2, what is -101 + -1001011000001?
-1001011000110
In base 16, what is -2d50 - 8?
-2d58
In base 13, what is 7 + -bba6?
-bb9c
In base 7, what is 1432 - 232?
1200
In base 13, what is -13 - 38a?
-3a0
In base 16, what is 2ce2 - -39?
2d1b
In base 2, what is -1 + -1000001010100?
-1000001010101
In base 2, what is 1000000111010001 - 10110?
1000000110111011
In base 7, what is -164300 + 1?
-164266
In base 5, what is -4 + -321334?
-321343
In base 9, what is -3758 - 1?
-3760
In base 7, what is -5 + -1245?
-1253
In base 13, what is 4 - 841?
-83a
In base 7, what is -2635 + -121?
-3056
In base 11, what is 2 - 321597?
-321595
In base 8, what is -11602 + -15?
-11617
In base 13, what is -7 - -2659?
2652
In base 7, what is 1250 - 612?
335
In base 4, what is -1133 - 102323?
-110122
In base 11, what is 79 + 90?
159
In base 9, what is 458 - -3?
462
In base 9, what is -7 + 135820?
135812
In base 10, what is 161900 - -4?
161904
In base 10, what is 20145 + 0?
20145
In base 6, what is 225 + 145?
414
In base 13, what is -c11742 - 5?
-c11747
In base 6, what is -14120 - 54?
-14214
In base 10, what is -2 + -14173?
-14175
In base 13, what is -998 - 18c?
-b57
In base 16, what is -612 - -1b?
-5f7
In base 13, what is -2b1 + 2b?
-283
In base 2, what is -110001 + 1000010?
10001
In base 15, what is -5d5c9 + 5?
-5d5c4
In base 14, what is -bb + -16?
-d3
In base 9, what is -342112 - 1?
-342113
In base 15, what is -8e7 + -24?
-91b
In base 12, what is 14 + 13b6?
140a
In base 6, what is 205 - -1455?
2104
In base 6, what is 3 + 2140424?
2140431
In base 11, what is -369 - -577?
209
In base 8, what is -16730 - -54?
-16654
In base 12, what is 125 + -746?
-621
In base 12, what is 57 + 34b4?
354b
In base 7, what is 163 - 561?
-365
In base 14, what is 1b4 - 1093?
-cbd
In base 15, what is -265c + -22?
-267e
In base 16, what is cf - 83?
4c
In base 13, what is 24 - 208?
-1b4
In base 6, what is -152 - 22455?
-23051
In base 11, what is 1229903 - -2?
1229905
In base 9, what is -61 + 5300?
5228
In base 2, what is -101 - -10101101001?
10101100100
In base 16, what is -1d46 - -3b?
-1d0b
In base 5, what is 1423103 + 1?
1423104
In base 5, what is -1211334 - -1?
-1211333
In base 14, what is 2 - 1901?
-18dd
In base 16, what is 2180 + -1?
217f
In base 16, what is -2b5 + -22?
-2d7
In base 11, what is 18 + -9325?
-9308
In base 9, what is -1521 - 8528?
-11150
In base 13, what is 3 - -18477?
1847a
In base 8, what is -2003476 - -3?
-2003473
In base 2, what is 11 + -1111011101101100?
-1111011101101001
In base 9, what is -251365 - -2?
-251363
In base 10, what is -1 + 57941?
57940
In base 5, what is -204344140 - -2?
-204344133
In base 5, what is -222204040 - -3?
-222204032
In base 16, what is 1c9 + 7?
1d0
In base 8, what is -5620 + 31?
-5567
In base 6, what is 20035430 + 1?
20035431
In base 7, what is 0 + 241111?
241111
In base 15, what is -3560 + -c1?
-3631
In base 16, what is 1968 - 3c?
192c
In base 11, what is 0 - 605651?
-605651
In base 9, what is -7522 + -31?
-7553
In base 7, what is 15530625 - 4?
15530621
In base 2, what is -1001 + -11000001000100?
-11000001001101
In base 10, what is 9980 + -153?
9827
In base 7, what is -56350 - 3?
-56353
In base 13, what is 3 - -b489c?
b48a2
In base 12, what is -4 - 5939?
-5941
In base 8, what is -1 - -177707?
177706
In base 12, what is -a05 + -360?
-1165
In base 8, what is -22 - -6156?
6134
In base 3, what is -12 + 2221100222?
2221100210
In base 10, what is 6 + 385736?
385742
In base 2, what is -1100011110000 - 1001010?
-1100100111010
In base 15, what is -2 + 1cb1b?
1cb19
In base 16, what is -2591 - 7?
-2598
In base 6, what is 101350 + -101?
101245
In base 12, what is 29 + 229?
256
In base 10, what is 1387 - -1566?
2953
In base 13, what is 0 + 3519a4?
3519a4
In base 10, what is -19972 - -4?
-19968
In base 15, what is -bc68 - -24?
-bc44
In base 3, what is 11 + -2112200201?
-2112200120
In base 2, what is -11110101110011001 + 11?
-11110101110010110
In base 12, what is -158a - -35?
-1555
In base 9, what is -736 - 22?
-758
In base 4, what is 113301012 - -3?
113301021
In base 15, what is -12 + 4d50?
4d3d
In base 2, what is 1011101 - 100111110101?
-100110011000
In base 3, what is -1001201 + -221110?
-2000011
In base 10, what is -325 + -1931?
-2256
In base 13, what is -1311b - -10?
-1310b
In base 2, what is 10011010110 - 100010011?
1111000011
In base 13, what is -2b - -27bc?
2791
In base 14, what is 3 + 359b?
35a0
In base 9, what is -11544 + -86?
-11641
In base 6, what is 2 - 3535?
-3533
In base 3, what is -12221 + 102?
-12112
In base 4, what is -123032130 - 12?
-123032202
In base 2, what is 10001010100101000111 - -101?
10001010100101001100
In base 9, what is 11541 + -22?
11518
In base 7, what is -325 + 151504?
151146
In base 16, what is -2 - 60871?
-60873
In base 13, what is -361c0b - -3?
-361c08
In base 5, what is -4213042 + 1?
-4213041
In base 13, what is 12796a - -3?
127970
In base 8, what is 4 + 167524?
167530
In base 6, what is 102 - -33112?
33214
In base 15, what is 8 + 29088?
29091
In base 15, what is 8473 - -1?
8474
In base 12, what is -a16 + -365?
-117b
In base 13, what is -38555 - -4?
-38551
In base 11, what is 405 - -55?
45a
In base 5, what is 4004404 + -11?
4004343
In base 15, what is 6303 - -2?
6305
In base 7, what is -42244 + -5?
-42252
In base 12, what is 688 + -47?
641
In base 9, what is -351002 - 0?
-351002
In base 10, what is -5556 - -105?
-5451
In base 16, what is -4bb1c - -1?
-4bb1b
In base 3, what is -212010101 - 1020?
-212011121
In base 16, what is -3 + -3281?
-3284
In base 13, what is -43 + 62?
1c
In base 6, what is -5 - 111232?
-111241
In base 15, what is 98 + -11a?
-72
In base 14, what is -51ba63 - 2?
-51ba65
In base 2, what is -110101 + -1000101101010100?
-1000101110001001
In base 3, what is 210121122020 - 12?
210121122001
In base 14, what is -255d + 23?
-253a
In base 3, what is -120112 + -2000000?
-2120112
In base 7, what is -515 - -140?
-345
In base 6, what is -35 + 501501?
501422
In base 9, what is -16 + -187222?
-187238
In base 13, what is -13 + 142b2?
1429c
In base 7, what is -4 + 22630?
22623
In base 11, what is 138689 + -2?
138687
In base 4, what is -1 + 1010202012?
1010202011
In base 4, what is 100 - 3320310?
-3320210
In base 7, what is -42566 + -20?
-42616
In base 4, what is -100313 - -321?
-33332
In base 16, what is -58 + 1dc?
184
In base 13, what is -1 - 9248?
-9249
In base 5, what is 44 - -114?
213
In base 16, what is 92cb - 7?
92c4
In base 4, what is 102013201 + 10?
102013211
In base 6, what is 44324 + -14?
44310
In base 12, what is -1348 - b6?
-1442
In base 15, what is 21 - 16ddd?
-16dbc
In base 10, what is 2070 + -31?
2039
In base 6, what is -421 - -50300?
45435
In base 14, what is -5 + -41ba?
-41c1
In base 15, what is 352 - -cd4?
1136
In base 7, what is 4 + -223246?
-223242
In base 9, what is 81 - -30025?
30116
In base 14, what is b453 - 1?
b452
In base 5, what is 2410321 - -10?
2410331
In base 12, what is 130 - -377?
4a7
In base 2, what is 110101 + 100001000011?
100001111000
In base 3, what is -10 - 20100222?
-20101002
In base 10, what is -147 + 8862?
8715
In base 16, what is -5c6706 + -4?
-5c670a
In base 8, what is -21043262 - 0?
-21043262
In base 8, what is 205337 + 7?
205346
In base 8, what is 11 - 4223?
-4212
In base 13, what is 1c1a + 16?
1c33
In base 9, what is -178 - -4?
-174
In base 10, what is 894621 + -2?
894619
In base 3, what is -20222110 - -220120?
-20001220
In base 2, what is 0 - 1000111011101101?
-1000111011101101
In base 15, what is d - -3d6a?
3d78
In base 15, what is -479e - 25?
-47c4
In base 11, what is 2134 + -1a92?
152
In base 5, what is 1112342 + -14?
1112323
In base 11, what is 27166 + -11?
27155
In base 5, what is 2431000 - -20?
2431020
In base 6, what is -3 + -55254?
-55301
In base 14, what is -5 + 50aaa?
50aa5
In base 9, what is -25 - -82811?
82775
In base 8, what is 7154660 + -1?
7154657
In base 11, what is 60 - 684?
-624
In base 9, what is 4 + 17761?
17765
In base 10, what is 105 - -380?
485
In base 11, what is 10 - -46a98?
46aa8
In base 10, what is -12 + 385722?
385710
In base 10, what is -12 - -67117?
67105
In base 8, what is -12106 - 0?
-12106
In base 5, what is 2 - 14002423?
-14002421
In base 3, what is 1211000 - 1102?
1202121
In base 15, what is -10 + 7b8?
7a8
In base 13, what is 3a4 - -3c2?
796
In base 